{"id":1206,"date":"2019-08-18T13:41:21","date_gmt":"2019-08-18T04:41:21","guid":{"rendered":"http:\/\/www.munchou.com\/biwa-chan\/?page_id=1206"},"modified":"2019-08-18T13:41:22","modified_gmt":"2019-08-18T04:41:22","slug":"contact","status":"publish","type":"page","link":"https:\/\/www.munchou.com\/biwa-chan\/?page_id=1206","title":{"rendered":"Contact"},"content":{"rendered":"<p>You can contact me by directly sending me an e-mail to the following address:<br \/>\nVous pouvez me contacter en m&#8217;envoyant un e-mail directement \u00e0 l&#8217;adresse qui suit :<\/p>\n<p><img decoding=\"async\" src=\"http:\/\/www.munchou.com\/img\/contact.png\" \/><\/p>\n<p>Please note that if you don&#8217;t get an answer withing 10 days, your e-mail may have been considered as spam.<br \/>\nVeuillez noter que si je ne vous ai pas r\u00e9pondu sous 10 jours, votre e-mail a probablement \u00e9t\u00e9 consid\u00e9r\u00e9 comme du spam.<\/p>\n","protected":false},"excerpt":{"rendered":"<p>You can contact me by directly sending me an e-mail to the following address: Vous pouvez me contacter en m&#8217;envoyant un e-mail directement \u00e0 l&#8217;adresse qui suit : Please note that if you don&#8217;t get an answer withing 10 days, your e-mail may have been considered as spam. Veuillez noter que si je ne vous [&hellip;]<\/p>\n","protected":false},"author":1,"featured_media":0,"parent":0,"menu_order":0,"comment_status":"closed","ping_status":"closed","template":"","meta":{"footnotes":""},"_links":{"self":[{"href":"https:\/\/www.munchou.com\/biwa-chan\/index.php?rest_route=\/wp\/v2\/pages\/1206"}],"collection":[{"href":"https:\/\/www.munchou.com\/biwa-chan\/index.php?rest_route=\/wp\/v2\/pages"}],"about":[{"href":"https:\/\/www.munchou.com\/biwa-chan\/index.php?rest_route=\/wp\/v2\/types\/page"}],"author":[{"embeddable":true,"href":"https:\/\/www.munchou.com\/biwa-chan\/index.php?rest_route=\/wp\/v2\/users\/1"}],"replies":[{"embeddable":true,"href":"https:\/\/www.munchou.com\/biwa-chan\/index.php?rest_route=%2Fwp%2Fv2%2Fcomments&post=1206"}],"version-history":[{"count":2,"href":"https:\/\/www.munchou.com\/biwa-chan\/index.php?rest_route=\/wp\/v2\/pages\/1206\/revisions"}],"predecessor-version":[{"id":1559,"href":"https:\/\/www.munchou.com\/biwa-chan\/index.php?rest_route=\/wp\/v2\/pages\/1206\/revisions\/1559"}],"wp:attachment":[{"href":"https:\/\/www.munchou.com\/biwa-chan\/index.php?rest_route=%2Fwp%2Fv2%2Fmedia&parent=1206"}],"curies":[{"name":"wp","href":"https:\/\/api.w.org\/{rel}","templated":true}]}}